/(-14) is divided by x?
16
Let o(z) = -z**2 + 12*z + 7. Suppose 2*b + b + 12 = 0, 3*h + 3*b = 6. What is the remainder when o(10) is divided by h?
3
Let g(z) = -3*z + 56. What is the remainder when 85 is divided by g(9)?
27
Suppose -4*z + 0*z + 236 = 4*l, 1 = l. Suppose -2*q + z = -5*r + 9, q - 23 = 2*r. What is the remainder when 47 is divided by q?
13
Let j be (-1)/6 + 6/36. Suppose -4*h - 3*l = -99, j*h + 46 = 2*h - 2*l. Calculate the remainder when 95 is divided by h.
23
Let z(l) be the third derivative of 0*l**4 - 1/6*l**3 + 0*l - 3*l**2 - 1/60*l**5 + 1/120*l**6 + 0. What is the remainder when 10 is divided by z(2)?
1
Let s be 1 + (-7 + 4)*-1. Suppose 20 = s*r + r. Let m(u) = u**2 - 3*u + 6. Calculate the remainder when 28 is divided by m(r).
8
Let t = 554 - 524. Let r be ((-1 - -11) + 2)*-1. Let p = r - -20. Calculate the remainder when t is divided by p.
6
Let a = 36 - 92. Let f be 3 + 0 + -2 - a. Suppose -2*y - 4*u = u - 21, 0 = -4*y + 5*u + f. Calculate the remainder when 24 is divided by y.
11
Let u = 8041 + -8031. Let f(i) = i + 1. Let l be f(-5). Calculate the remainder when ((-6)/l)/((-1)/(-32)) is divided by u.
8
Let x(g) = -54*g + 1. Let q be x(-3). Let p = q + -89. Calculate the remainder when p is divided by 1/5 - 372/(-15).
24
Suppose 26 = -2*x + 134. Calculate the remainder when x is divided by 29.
25
Suppose 3*o - 19 + 10 = 0, -3*i = -o - 168. Calculate the remainder when i is divided by 21.
15
Let b = -941 - -1419. Calculate the remainder when b is divided by 24.
22
Let p = -224 - -245. Suppose 4*d + 2*v - 316 = -d, 4*v = 12. What is the remainder when d is divided by p?
20
Suppose -5*z = -50 - 30. Let y = 32 - 2. Suppose -3*a + 3*t + 30 = -54, a - y = -t. What is the remainder when a is divided by z?
13
Let z(c) = c + 4. Let j be z(7). Let a = j + -8. Suppose 0*f = 2*f - 4*x - 18, 32 = a*f - x. Calculate the remainder when 21 is divided by f.
10
What is the remainder when 63 is divided by (-106)/(-20)*30/3?
10
Let b be ((-12)/(-10))/(12/200). Let n = b - 17. Suppose 0 = n*z - 27 - 18. What is the remainder when 41 is divided by z?
11
Let p(z) = -z**3 - 20*z**2 + 18*z - 60. Let u be p(-21). Calculate the remainder when 21 is divided by ((-99)/(-2))/u + (-21)/(-42).
4
Let g(f) = -16*f**3 - 5*f**2 + 5*f - 110. Let h(l) = 3*l**3 + l**2 - l + 22. Let i(w) = 2*g(w) + 11*h(w). What is the remainder when i(0) is divided by 8?
6
Suppose z = 5*z + 4. Let v = z - -6. Calculate the remainder when ((-2)/4)/((-5)/140) is divided by v.
4
Suppose 22*d + 0*d - 176 = 0. Calculate the remainder when 207 is divided by d.
7
Suppose 6*t - 4*t = 5*k - 166, 5*t + 24 = k. What is the remainder when 121 is divided by k?
19
Let b = 11 - 9. Suppose 5*l - b*l = 4*o + 33, o - 44 = -4*l. Calculate the remainder when 43 is divided by l.
10
Let g = -41 + 43. Suppose g*t + 2*a = 66, -3*t + 102 = 3*a + a. Calculate the remainder when 89 is divided by t.
29
Suppose -14*h - 34*h + 13728 = 0. What is the remainder when h is divided by 73?
67
Suppose 0 = -4*n - 32 + 4. Let d(p) = -p + 2. What is the remainder when 30 is divided by d(n)?
3
Let w = 267 + -249. What is the remainder when 373 is divided by w?
13
Let m(a) = 5*a**2 + 4. Let g be m(-2). Suppose g = -3*x + 5*x. Calculate the remainder when 43 is divided by x.
7
Calculate the remainder when 1/((-2)/(-4)) + 13 is divided by (6/(-9))/(10 - 91/9).
3
Let f(p) = 9*p + 1. What is the remainder when f(6) is divided by 16?
7
Suppose -2*n + g + 24 = 3*g, 25 = -5*g. Suppose -14*u = -n*u + 159. What is the remainder when u is divided by 18?
17
Let d be -850*(1/(-2))/(-1). Let h = d - -303. Calculate the remainder when 42 is divided by h/(-8) - (-12)/16.
10
Let m = 17 + -8. Let o(l) = -2*l**2 - 21*l + 6. Let k be o(-10). Let f = k - m. Calculate the remainder when 20 is divided by f.
6
Let i = 74 - 50. Suppose 3*h + h - 3*m = 381, -3*h = 3*m - 270. Calculate the remainder when h is divided by i.
21
Let l be (8/5 - (-12)/30) + -23. Calculate the remainder when 168 is divided by (1 - 456/(-14)) + l/(-49).
32
Let p = 1668 - 1663. Calculate the remainder when 6 is divided by p.
1
Let z be ((-165)/(-3) + -3)*(-1)/(-2). Let h(t) = t. Let f be h(4). Suppose f*r = 6 + z. What is the remainder when 14 is divided by r?
6
Let h(y) = y**2 + 2*y + 7. Let b be 5/(-2)*2/1. Suppose -2*k + 258 = k. What is the remainder when k is divided by h(b)?
20
Suppose 5*n - 418 - 4600 = -2*a, 2*a - 8 = 0. Calculate the remainder when n is divided by 331.
9
Suppose -3*o + 13 = -20. Suppose 0 = 9*m - 22 - 14. Calculate the remainder when o is divided by m.
3
Let p be (1 - 2)*(-6 + 6). Let w(o) = o**2. What is the remainder when (p - -2)*125/10 is divided by w(-3)?
7
Let b = -32 - -43. Let i(p) = -p**3 + 11*p**2 + 12*p - 1. Calculate the remainder when i(b) is divided by 22.
21
Let x(q) = -q**2 + 18*q - 61. Let i be x(13). Suppose 4*b - 57 = 55. Suppose b = -i*m + 5*m. Calculate the remainder when m is divided by 6.
4
Calculate the remainder when 983 is divided by ((-7)/14)/(8/(-464)).
26
Let b(d) = -3*d**3 + d**2 - d - 13. Calculate the remainder when 1517 is divided by b(-3).
77
Let k(t) = -46*t**3 + t**2 + 2*t - 3. Let r be k(1). Let w = 51 + r. What is the remainder when 8 is divided by w?
3
Suppose -3*i = 2*g - 0*i - 94, 2*g - 94 = -i. Suppose -b + g = -n + 4*n, -4*b + 20 = 0. Calculate the remainder when 3/(-2) + 1530/36 is divided by n.
13
Let v(x) = x**3 + 41*x**2 + 211*x + 47. What is the remainder when (2 - 0) + -1 + 32 is divided by v(-35)?
9
Let a = 1 - 2. Let y be ((-4)/a)/(32/24). Suppose -6*v = y*d - v - 197, -5 = -5*v. Calculate the remainder when d is divided by 22.
20
Let z = -489 + 1161. What is the remainder when z is divided by 75?
72
Suppose 96 = 3*d + 12. Calculate the remainder when 164 is divided by d - (-3)/(15/25).
32
Suppose -50 = -4*z - z. Calculate the remainder when (0 + 21/15)*-10*(-1 + -1) is divided by z.
8
Let h = -683 + 883. Calculate the remainder when h is divided by 18.
2
Let s = 390 - 351. Calculate the remainder when 133 is divided by s.
16
Suppose -2*y - 8 = 2. Let r = 9 + y. Suppose r*g = 5*a + 7*g - 44, -4*a - g + 31 = 0. Calculate the remainder when 26 is divided by a.
5
Suppose 3*w - 4*g = 103, 5*w + 4*g + g = 125. What is the remainder when 182 is divided by w?
8
Let j = -382 + 1081. What is the remainder when j is divided by 27?
24
Suppose -37 = -v + 4*x, -37 - 40 = -3*v - 5*x. Suppose 71*z + 947 = 6982. Calculate the remainder when z is divided by v.
27
Let b be (-1392)/(-15) - (-24)/(-30). Calculate the remainder when 64 is divided by 2/(31/b - (-5)/(-20)).
18
Calculate the remainder when 349 is divided by (4 + (-6)/2)/(29/783).
25
Suppose -243 = -2*d - 5*m, -2*m + 23 = -4*d + 569. Calculate the remainder when d is divided by 35.
29
Let i(v) be the third derivative of -v**5/60 + 13*v**4/24 - 2*v**3 + v**2. What is the remainder when i(9) is divided by 9?
6
Let d = -36 - -52. Let b be 2*3/(-2) + 7. What is the remainder when (231/(-28))/(-11) - (-185)/b is divided by d?
15
Let r be 25/10 - 2 - 3/(-2). Let q(g) = g**3 + 2*g**2 - g. What is the remainder when 33 is divided by q(r)?
5
Suppose -480 = -4*g - 4*w, w - 489 = -3*g - 127. What is the remainder when g is divided by 41?
39
Let c be -17*(-5 + 2 + 2). Let j = c + -14. Suppose 0*v + u = -2*v + 5, j*u = -15. Calculate the remainder when v is divided by 3.
2
Let c(t) = t**3 - 4*t**2 + 5*t - 4. Calculate the remainder when c(4) is divided by (2*(-10)/(-12))/((-59)/(-177)).
1
Let a = -236 - -251. Calculate the remainder when 419 is divided by a.
14
Suppose 2*s - s - 4 = 0. Calculate the remainder when ((-146)/s)/(6/(-12)) is divided by 3/2*38/3.
16
Let i = 338 - 306. What is the remainder when 106 is divided by i?
10
Let i(t) = -t**3 + 4*t**2 - t - 1. Let z be 19 + -21 + (-4)/(-1). Let b(f) = -5*f + 4. What is the remainder when b(-3) is divided by i(z)?
4
Suppose 0*p = -4*p - 556. Let o = p + 239. Suppose 0*v + o = 4*v. Calculate the remainder when v is divided by 9.
7
Suppose -25*a + 38*a = 312. What is the remainder when 25 is divided by a?
1
Let h = -4 + 4. Suppose 46 = 2*u - h*u. Let j = 617 + -549. Calculate the remainder when j is divided by u.
22
Let v(s) = s**3 - 10*s**2 + 46*s - 231. Suppose p + 2*p = 12. What is the remainder when 